{"id":3571,"date":"2018-05-21T20:02:02","date_gmt":"2018-05-21T18:02:02","guid":{"rendered":"https:\/\/www.culturalusa.com\/news\/?page_id=3571"},"modified":"2018-05-26T15:10:18","modified_gmt":"2018-05-26T13:10:18","slug":"politique-de-confidentialite","status":"publish","type":"page","link":"https:\/\/www.culturalusa.com\/news\/politique-de-confidentialite\/","title":{"rendered":"Politique de confidentialit\u00e9"},"content":{"rendered":"<p><img loading=\"lazy\" decoding=\"async\" class=\"alignleft size-full wp-image-277\" style=\"border: 0pt none;\" title=\"logo\" src=\"https:\/\/www.culturalusa.com\/news\/wp-content\/uploads\/2012\/04\/logoCLusa200.jpg\" alt=\"\" width=\"200\" height=\"79\" \/><\/p>\n<h2>Politique cookies<\/h2>\n<h2>Utilisation des donn\u00e9es personnelles collect\u00e9es<\/h2>\n<h3>Commentaires<\/h3>\n<p>Quand vous laissez un commentaire sur notre site web, les donn\u00e9es inscrites dans le formulaire de commentaire, mais aussi votre adresse IP et l\u2019agent utilisateur de votre navigateur sont collect\u00e9s pour nous aider \u00e0 la d\u00e9tection des commentaires ind\u00e9sirables.<\/p>\n<p>Une cha\u00eene anonymis\u00e9e cr\u00e9\u00e9e \u00e0 partir de votre adresse de messagerie (\u00e9galement appel\u00e9e hash) peut \u00eatre envoy\u00e9e au service Gravatar pour v\u00e9rifier si vous utilisez ce dernier. Les clauses de confidentialit\u00e9 du service Gravatar sont disponibles ici\u00a0: https:\/\/automattic.com\/privacy\/. Apr\u00e8s validation de votre commentaire, votre photo de profil sera visible publiquement \u00e0 cot\u00e9 de votre commentaire.<\/p>\n<h3>M\u00e9dias<\/h3>\n<p>Si vous \u00eates un utilisateur ou une utilisatrice enregistr\u00e9\u00b7e et que vous t\u00e9l\u00e9versez des images sur le site web, nous vous conseillons d\u2019\u00e9viter de t\u00e9l\u00e9verser des images contenant des donn\u00e9es EXIF de coordonn\u00e9es GPS. Les visiteurs de votre site web peuvent t\u00e9l\u00e9charger et extraire des donn\u00e9es de localisation depuis ces images.<\/p>\n<h3>Cookies<\/h3>\n<p>Si vous d\u00e9posez un commentaire sur notre site, il vous sera propos\u00e9 d\u2019enregistrer votre nom, adresse de messagerie et site web dans des cookies. C\u2019est uniquement pour votre confort afin de ne pas avoir \u00e0 saisir ces informations si vous d\u00e9posez un autre commentaire plus tard. Ces cookies expirent au bout d\u2019un an.<\/p>\n<p>Si vous avez un compte et que vous vous connectez sur ce site, un cookie temporaire sera cr\u00e9\u00e9 afin de d\u00e9terminer si votre navigateur accepte les cookies. Il ne contient pas de donn\u00e9es personnelles et sera supprim\u00e9 automatiquement \u00e0 la fermeture de votre navigateur.<\/p>\n<p>Lorsque vous vous connecterez, nous mettrons en place un certain nombre de cookies pour enregistrer vos informations de connexion et vos pr\u00e9f\u00e9rences d\u2019\u00e9cran. La dur\u00e9e de vie d\u2019un cookie de connexion est de deux jours, celle d\u2019un cookie d\u2019option d\u2019\u00e9cran est d\u2019un an. Si vous cochez \u00ab\u00a0Se souvenir de moi\u00a0\u00bb, votre cookie de connexion sera conserv\u00e9 pendant deux semaines. Si vous vous d\u00e9connectez de votre compte, le cookie de connexion sera effac\u00e9.<\/p>\n<p>En modifiant ou en publiant un article, un cookie suppl\u00e9mentaire sera enregistr\u00e9 dans votre navigateur. Ce cookie ne comprend aucune donn\u00e9e personnelle. Il indique simplement l\u2019identifiant de l\u2019article que vous venez de modifier. Il expire au bout d\u2019un jour.<\/p>\n<h3>Les cookies tiers<\/h3>\n<p>Il s&rsquo;agit des cookies d\u00e9pos\u00e9s par des soci\u00e9t\u00e9s tierces (par exemple des r\u00e9gies publicitaires ou par des partenaires) afin d&rsquo;identifier vos centres d&rsquo;int\u00e9r\u00eat au travers des produits consult\u00e9s ou achet\u00e9s sur notre site et personnaliser l&rsquo;offre publicitaire qui vous est adress\u00e9e sur notre site ou en dehors de notre site.<br \/>\nIls peuvent \u00eatre d\u00e9pos\u00e9s \u00e0 l&rsquo;occasion de la navigation sur notre site ou lorsque vous cliquez dans les espaces publicitaires de notre site.<br \/>\nNous n&rsquo;avons pas la ma\u00eetrise des cookies d\u00e9pos\u00e9s par les r\u00e9gies publicitaires qui agissent pour leur propre compte.<\/p>\n<p>Dans le cadre des partenariats publicitaires nous pouvons \u00eatre amen\u00e9s \u00e0 transmettre aux partenaires qui agissent pour notre compte des donn\u00e9es concernant vos achats et les produits consult\u00e9s sur notre site. Nous veillons \u00e0 ce que les soci\u00e9t\u00e9s partenaires acceptent de traiter les informations collect\u00e9es sur le site CulturaLusa.com exclusivement pour les besoins du site Cultura Lusa et conform\u00e9ment \u00e0 nos instructions, dans le respect de la loi \u00abInformatique et Libert\u00e9s \u00ab du 6 janvier 1978 modifi\u00e9e et s&rsquo;engagent \u00e0 mettre en \u0153uvre des mesures appropri\u00e9es de s\u00e9curisation et de protection de la confidentialit\u00e9 des donn\u00e9es. <\/p>\n<h3>Contenu embarqu\u00e9 depuis d\u2019autres sites<\/h3>\n<p>Les articles de ce site peuvent inclure des contenus int\u00e9gr\u00e9s (par exemple des vid\u00e9os, images, articles\u2026). Le contenu int\u00e9gr\u00e9 depuis d\u2019autres sites se comporte de la m\u00eame mani\u00e8re que si le visiteur se rendait sur cet autre site.<\/p>\n<p>Ces sites web pourraient collecter des donn\u00e9es sur vous, utiliser des cookies, embarquer des outils de suivis tiers, suivre vos interactions avec ces contenus embarqu\u00e9s si vous disposez d\u2019un compte connect\u00e9 sur leur site web.<\/p>\n<h3>Accepter ou refuser les cookies<\/h3>\n<p>Vous disposez de diff\u00e9rents moyens pour g\u00e9rer les cookies.<br \/>\n<strong>Le param\u00e9trage de votre navigateur internet<\/strong><\/p>\n<p>Vous pouvez \u00e0 tout moment choisir de d\u00e9sactiver ces cookies. Votre navigateur peut \u00e9galement \u00eatre param\u00e9tr\u00e9 pour vous signaler les cookies qui sont d\u00e9pos\u00e9s dans votre ordinateur et vous demander de les accepter ou non. Vous pouvez accepter ou refuser les cookies au cas par cas ou bien les refuser syst\u00e9matiquement une fois pour toutes.<\/p>\n<p>Nous vous rappelons que le param\u00e9trage est susceptible de modifier vos conditions d&rsquo;acc\u00e8s \u00e0 nos services n\u00e9cessitant l&rsquo;utilisation de cookies.<\/p>\n<p>Si votre navigateur est configur\u00e9 de mani\u00e8re \u00e0 refuser l&rsquo;ensemble des cookies, vous ne pourrez pas disposer de services et offres adapt\u00e9es \u00e0 vos centres d\u2019int\u00e9r\u00eats. Afin de g\u00e9rer les cookies au plus pr\u00e8s de vos attentes nous vous invitons \u00e0 param\u00e9trer votre navigateur en tenant compte de la finalit\u00e9 des cookies telle que mentionn\u00e9e ci-avant.<\/p>\n<p><strong>Voici comment contr\u00f4ler ou emp\u00eacher l&rsquo;enregistrement des cookies<\/strong> :<\/p>\n<p>La configuration de chaque navigateur est diff\u00e9rente. Elle est d\u00e9crite dans le menu d&rsquo;aide de votre navigateur, qui vous permettra de savoir de quelle mani\u00e8re modifier vos souhaits en mati\u00e8re de cookies.<\/p>\n<p><strong>Vous pouvez d\u00e9sactiver les cookies en suivant les instructions comme suit<\/strong> :<br \/>\nSuivant les versions du navigateur et du syst\u00e8me d&rsquo;exploitation, se r\u00e9f\u00e9rer \u00e0 la documentation de r\u00e9f\u00e9rence :<br \/>\n&#8211; <strong>Mozilla Firefox<\/strong><br \/>\nDocumentation de r\u00e9f\u00e9rence : <a href=\"https:\/\/support.mozilla.org\/fr\/kb\/activer-desactiver-cookies\" target=\"_blank\"><strong>Firefox<\/strong><\/a><br \/>\n&#8211; <strong>Google Chrome<\/strong><br \/>\nDocumentation de r\u00e9f\u00e9rence : <a href=\"https:\/\/support.google.com\/chrome\/answer\/95647?hl=fr\" target=\"_blank\"><strong>Google Chrome<\/strong><\/a><br \/>\n&#8211; <strong>Microsoft Edge et Internet Explorer<\/strong><br \/>\nDocumentation de r\u00e9f\u00e9rence : <a href=\"http:\/\/windows.microsoft.com\/fr-fr\/windows\/search#q=cookies\" target=\"_blank\"><strong>Microsoft Edge<\/strong><\/a> | <a href=\"http:\/\/windows.microsoft.com\/en-us\/windows-vista\/block-or-allow-cookies\" target=\"_blank\"><strong>Internet Explorer<\/strong><\/a><br \/>\n&#8211; <strong>Opera<\/strong><br \/>\nDocumentation de r\u00e9f\u00e9rence : <a href=\"http:\/\/help.opera.com\/Windows\/9.20\/en\/cookies.html\" target=\"_blank\"><strong>Opera<\/strong><\/a><\/p>\n<h2>Dur\u00e9es de stockage de vos donn\u00e9es<\/h2>\n<p>Si vous laissez un commentaire, le commentaire et ses m\u00e9tadonn\u00e9es sont conserv\u00e9s ind\u00e9finiment. Cela permet de reconna\u00eetre et approuver automatiquement les commentaires suivants au lieu de les laisser dans la file de mod\u00e9ration.<\/p>\n<p>Pour les utilisateurs et utilisatrices qui s\u2019enregistrent sur notre site (si cela est possible), nous stockons \u00e9galement les donn\u00e9es personnelles indiqu\u00e9es dans leur profil. Tous les utilisateurs et utilisatrices peuvent voir, modifier ou supprimer leurs informations personnelles \u00e0 tout moment (\u00e0 l\u2019exception de leur nom d\u2019utilisateur\u00b7ice). Les gestionnaires du site peuvent aussi voir et modifier ces informations.<\/p>\n<h2>Les droits que vous avez sur vos donn\u00e9es<\/h2>\n<p>Si vous avez un compte ou si vous avez laiss\u00e9 des commentaires sur le site, vous pouvez demander \u00e0 recevoir un fichier contenant toutes les donn\u00e9es personnelles que nous poss\u00e9dons \u00e0 votre sujet, incluant celles que vous nous avez fournies. Vous pouvez \u00e9galement demander la suppression des donn\u00e9es personnelles vous concernant. Cela ne prend pas en compte les donn\u00e9es stock\u00e9es \u00e0 des fins administratives, l\u00e9gales ou pour des raisons de s\u00e9curit\u00e9.<\/p>\n<h2>Transmission de vos donn\u00e9es personnelles<\/h2>\n<p>Les commentaires des visiteurs peuvent \u00eatre v\u00e9rifi\u00e9s \u00e0 l\u2019aide d\u2019un service automatis\u00e9 de d\u00e9tection des commentaires ind\u00e9sirables.<\/p>\n<h2>Informations suppl\u00e9mentaires<\/h2>\n<p>Des prestataires tiers, y compris <strong>Google<\/strong>, publient des annonces sur des sites web et utilisent les cookies enregistr\u00e9s pour la publication d&rsquo;annonces personnalis\u00e9es sur la base des pr\u00e9c\u00e9dentes visites de l&rsquo;utilisateur.<\/p>\n<p>En aucun cas Google n&rsquo;associera votre adresse IP \u00e0 d&rsquo;autres donn\u00e9es en sa possession. La collecte et l&rsquo;enregistrement des donn\u00e9es peuvent \u00e0 tout moment \u00eatre bloqu\u00e9s, mais pas de fa\u00e7on r\u00e9troactive. Si vous le souhaitez, vous pouvez d\u00e9sactiver l&rsquo;utilisation des cookies dans la plupart des navigateurs Internet (reportez-vous au mode d&#8217;emploi de votre navigateur). Nous attirons votre attention sur le fait que, si vous d\u00e9sactivez les cookies dans votre navigateur, vous risquez de ne plus pouvoir utiliser certaines fonctionnalit\u00e9s de ce site et d&rsquo;autres sites web.<br \/>\nEn utilisant ce site, vous d\u00e9clarez accepter que les donn\u00e9es recueillies \u00e0 votre sujet soient trait\u00e9es selon les modalit\u00e9s et aux fins d\u00e9crites ci-dessus.<\/p>\n<p>La collecte et l&rsquo;enregistrement des donn\u00e9es peuvent \u00e0 tout moment \u00eatre bloqu\u00e9s, mais pas de fa\u00e7on r\u00e9troactive.<\/p>\n<p>Pour en savoir plus : <a href=\"http:\/\/www.google.com\/intl\/fr\/policies\/privacy\/\" rel=\"noopener\" target=\"_blank\">http:\/\/www.google.com\/intl\/fr\/policies\/privacy\/<\/a><\/p>\n<h2>Informations de contact<\/h2>\n<p>Pour toute question ou demande relative \u00e0 la protection de la vie priv\u00e9e, nous remercions l\u2019Utilisateur de bien vouloir s\u2019adresser au webmestre :<br \/>\n<a href=\"https:\/\/www.culturalusa.com\/news\/contact\/\"><strong>via ce formulaire<\/strong><\/a>.<\/p>\n","protected":false},"excerpt":{"rendered":"<p>Politique cookies Utilisation des donn\u00e9es personnelles collect\u00e9es Commentaires Quand vous laissez un commentaire sur notre site web, les donn\u00e9es inscrites dans le formulaire de commentaire, mais aussi votre adresse IP et l\u2019agent utilisateur de votre navigateur sont collect\u00e9s pour nous aider \u00e0 la d\u00e9tection des commentaires ind\u00e9sirables. Une cha\u00eene anonymis\u00e9e cr\u00e9\u00e9e \u00e0 partir de votre [&hellip;]<\/p>\n","protected":false},"author":1,"featured_media":0,"parent":0,"menu_order":0,"comment_status":"closed","ping_status":"closed","template":"","meta":{"footnotes":""},"class_list":["post-3571","page","type-page","status-publish","hentry"],"aioseo_notices":[],"_links":{"self":[{"href":"https:\/\/www.culturalusa.com\/news\/wp-json\/wp\/v2\/pages\/3571","targetHints":{"allow":["GET"]}}],"collection":[{"href":"https:\/\/www.culturalusa.com\/news\/wp-json\/wp\/v2\/pages"}],"about":[{"href":"https:\/\/www.culturalusa.com\/news\/wp-json\/wp\/v2\/types\/page"}],"author":[{"embeddable":true,"href":"https:\/\/www.culturalusa.com\/news\/wp-json\/wp\/v2\/users\/1"}],"replies":[{"embeddable":true,"href":"https:\/\/www.culturalusa.com\/news\/wp-json\/wp\/v2\/comments?post=3571"}],"version-history":[{"count":0,"href":"https:\/\/www.culturalusa.com\/news\/wp-json\/wp\/v2\/pages\/3571\/revisions"}],"wp:attachment":[{"href":"https:\/\/www.culturalusa.com\/news\/wp-json\/wp\/v2\/media?parent=3571"}],"curies":[{"name":"wp","href":"https:\/\/api.w.org\/{rel}","templated":true}]}}