{"id":573,"date":"2012-05-25T01:27:54","date_gmt":"2012-05-24T23:27:54","guid":{"rendered":"http:\/\/www.culturalusa.com\/news\/?page_id=573"},"modified":"2024-01-14T17:24:15","modified_gmt":"2024-01-14T16:24:15","slug":"apprendre-lespagnol","status":"publish","type":"page","link":"https:\/\/www.culturalusa.com\/news\/boutique\/apprendre-les-langues-etrangeres\/apprendre-lespagnol\/","title":{"rendered":"Apprendre l&rsquo;Espagnol"},"content":{"rendered":"<div class=\"box-rev\"><img loading=\"lazy\" decoding=\"async\" class=\"alignright size-full wp-image-4576\" src=\"https:\/\/www.culturalusa.com\/news\/wp-content\/uploads\/2019\/02\/espagnol-livre-cd-mp3.jpg\" alt=\"\" width=\"223\" height=\"320\" srcset=\"https:\/\/www.culturalusa.com\/news\/wp-content\/uploads\/2019\/02\/espagnol-livre-cd-mp3.jpg 223w, https:\/\/www.culturalusa.com\/news\/wp-content\/uploads\/2019\/02\/espagnol-livre-cd-mp3-174x250.jpg 174w\" sizes=\"auto, (max-width: 223px) 100vw, 223px\" \/><br \/>\n<strong>Pack CD audio : Un livre de 100 le\u00e7ons en 720 pages et 3 CD audio d\u2019une dur\u00e9e de 3 h\u00a0 <\/strong><br \/>\nNiveau Cadre Europ\u00e9en : B2<br \/>\nLangue maternelle: Fran\u00e7ais<br \/>\nLangue \u00e9tudi\u00e9e: EspagnolUn livre de 100 le\u00e7ons en 720 pages et 1 CD d&rsquo;une dur\u00e9e de 3hLes dialogues de cette nouvelle m\u00e9thode sont vivants, actuels, riches en vocabulaire utile et illustrent parfaitement les r\u00e9alit\u00e9s et les \u00e9volutions de la langue orale espagnole haute en couleur et en expressions idiomatiques.Les notes grammaticales accompagnant chaque dialogue permettront au lecteur d\u2019appr\u00e9hender sans heurts tous les pi\u00e8ges et difficult\u00e9s de la langue et les nombreuses notes de civilisation lui pr\u00e9senteront une culture tr\u00e8s attachante.L\u2019espagnol est parl\u00e9 par plus de 500 millions de personnes sur tous les continents et notamment le continent am\u00e9ricain dans sa quasi globalit\u00e9 puisque apr\u00e8s le Mexique, les Etats-Unis sont d\u00e9sormais le 2e pays comptant le plus d\u2019hispanophones dans le monde.<\/p>\n<p>Il se hisse au 2e rang mondial en nombre de locuteurs natifs. L\u2019\u00e9tude de l\u2019espagnol est gratifiante : l\u2019orthographe est simple, on a vite fait le tour des particularit\u00e9s phon\u00e9tiques, et l\u2019apprenant \u00e9prouve ainsi assez vite le plaisir de comprendre et de parler.<\/p>\n<p>Les enregistrements reprennent l&rsquo;int\u00e9gralit\u00e9 des textes en espagnol des le\u00e7ons et des exercices de traduction du livre. Ils sont interpr\u00e9t\u00e9s, \u00e0 un rythme progressif, par des locuteurs natifs professionnels.<\/p>\n<p>Le CD MP3 permet de charger tout ou partie des enregistrements de la m\u00e9thode sur votre baladeur MP3, Smartphone ou ordinateur.<\/p>\n<p><strong>Caract\u00e9ristiques : Pack CD audio, un livre de 100 le\u00e7ons en 720 pages et 3 CD audio d\u2019une dur\u00e9e de 3 h<br \/>\n<\/strong>Exp\u00e9dition dans les 48 heures.<br \/>\n<div class=\"eStore-product-fancy2\"><div class=\"eStore-thumbnail\"><a href=\"https:\/\/www.culturalusa.com\/news\/boutique\/apprendre-les-langues-etrangeres\/apprendre-lespagnol\/\" title=\"Apprendre Espagnol. Livre de 100 le\u00e7ons en 720 pages et 3 CD audio\"><img decoding=\"async\" class=\"eStore-product-fancy2-thumb-image\" src=\"https:\/\/www.culturalusa.com\/news\/wp-content\/uploads\/2019\/02\/espagnol-livre-cd-mp3.jpg\" alt=\"Apprendre Espagnol. Livre de 100 le\u00e7ons en 720 pages et 3 CD audio\" \/><\/a><\/div><div class=\"eStore-product-description\"><div class=\"eStore-fancy2-product-name\"><a href=\"https:\/\/www.culturalusa.com\/news\/boutique\/apprendre-les-langues-etrangeres\/apprendre-lespagnol\/\">Apprendre Espagnol. Livre de 100 le\u00e7ons en 720 pages et 3 CD audio<\/a><\/div>Apprendre l\u2019Espagnol. L\u2019espagnol est parl\u00e9 par plus de 500 millions de personnes sur tous les continents et notamment le continent am\u00e9ricain dans sa quasi globalit\u00e9 puisque apr\u00e8s le Mexique, les Etats-Unis sont d\u00e9sormais le 2e pays comptant le plus d\u2019hispanophones dans le monde.<br>Pack CD audio : Un livre de 100 le\u00e7ons en 720 pages et 3 CD audio d\u2019une dur\u00e9e de 3 h.<\/div><\/div><div class=\"eStore-product-fancy2-footer eStore-fancy-wrapper\"><div class=\"footer-left\"><div class=\"footer-left-content\"><form method=\"post\" action=\"\" class=\"eStore-button-form eStore-button-form-3\" style=\"display:inline\" onsubmit=\"return ReadForm1(this, 1);\"><input type=\"image\" src=\"https:\/\/www.culturalusa.com\/news\/wp-content\/plugins\/wp-cart-for-digital-products\/images\/add-to-cart-golden-with-cart-icon.png\" class=\"eStore_button eStore_add_to_cart_button\" alt=\"Add to Cart\" \/> <input type=\"hidden\" name=\"add_qty\" value=\"1\" \/>  <div class=\"eStore_variation_top\"><\/div><input type=\"hidden\" name=\"thumbnail_url\" value=\"https:\/\/www.culturalusa.com\/news\/wp-content\/uploads\/2019\/02\/espagnol-livre-cd-mp3.jpg\" \/><input type=\"hidden\" name=\"estore_product_name\" value=\"Apprendre Espagnol. Livre de 100 le\u00e7ons en 720 pages et 3 CD audio\" \/><input type=\"hidden\" name=\"price\" value=\"65.90\" \/><input type=\"hidden\" name=\"product_name_tmp1\" value=\"Apprendre Espagnol. Livre de 100 le\u00e7ons en 720 pages et 3 CD audio\" \/><input type=\"hidden\" name=\"price_tmp1\" value=\"65.90\" \/><input type=\"hidden\" name=\"item_number\" value=\"3\" \/><input type=\"hidden\" name=\"shipping\" value=\"5.90\" \/><input type=\"hidden\" name=\"tax\" value=\"\" \/><input type=\"hidden\" name=\"addcart_eStore\" value=\"1\" \/><input type=\"hidden\" name=\"cartLink\" value=\"https:\/\/www.culturalusa.com\/news\/boutique\/apprendre-les-langues-etrangeres\/apprendre-lespagnol\/\" \/><\/form><div class=\"eStore_item_added_msg eStore_item_added_msg-3\"><\/div><\/div><\/div><div class=\"footer-right\"><span class=\"eStore_fancy2_price\"><span class=\"eStore_price_label\">Prix: <\/span><span class=\"eStore_price_value\">65.90\u20ac<\/span><\/span><\/div><\/div><div class=\"eStore-clear-float\"><\/div>\n<div class=\"eStore-product-fancy2\"><div class=\"eStore-thumbnail\"><a href=\"https:\/\/www.culturalusa.com\/news\/boutique\/apprendre-les-langues-etrangeres\/apprendre-lespagnol\/\" title=\"Apprendre Espagnol. Pack USB : Livre + 1 cl\u00e9 USB (1999 fichiers)\"><img decoding=\"async\" class=\"eStore-product-fancy2-thumb-image\" src=\"https:\/\/www.culturalusa.com\/news\/wp-content\/uploads\/2019\/02\/espagnol-livre-cd-mp3.jpg\" alt=\"Apprendre Espagnol. Pack USB : Livre + 1 cl\u00e9 USB (1999 fichiers)\" \/><\/a><\/div><div class=\"eStore-product-description\"><div class=\"eStore-fancy2-product-name\"><a href=\"https:\/\/www.culturalusa.com\/news\/boutique\/apprendre-les-langues-etrangeres\/apprendre-lespagnol\/\">Apprendre Espagnol. Pack USB : Livre + 1 cl\u00e9 USB (1999 fichiers)<\/a><\/div>Apprendre l\u2019Espagnol. Pack USB : Livre de 100 le\u00e7ons en 720 pages et 1 cl\u00e9 USB (1999 fichiers) d\u2019une dur\u00e9e de 3 h.<br>L\u2019espagnol est parl\u00e9 par plus de 500 millions de personnes sur tous les continents et notamment le continent am\u00e9ricain dans sa quasi globalit\u00e9 puisque apr\u00e8s le Mexique, les Etats-Unis sont d\u00e9sormais le 2e pays comptant le plus d\u2019hispanophones dans le monde.<\/div><\/div><div class=\"eStore-product-fancy2-footer eStore-fancy-wrapper\"><div class=\"footer-left\"><div class=\"footer-left-content\"><form method=\"post\" action=\"\" class=\"eStore-button-form eStore-button-form-44\" style=\"display:inline\" onsubmit=\"return ReadForm1(this, 1);\"><input type=\"image\" src=\"https:\/\/www.culturalusa.com\/news\/wp-content\/plugins\/wp-cart-for-digital-products\/images\/add-to-cart-golden-with-cart-icon.png\" class=\"eStore_button eStore_add_to_cart_button\" alt=\"Add to Cart\" \/> <input type=\"hidden\" name=\"add_qty\" value=\"1\" \/>  <div class=\"eStore_variation_top\"><\/div><input type=\"hidden\" name=\"thumbnail_url\" value=\"https:\/\/www.culturalusa.com\/news\/wp-content\/uploads\/2019\/02\/espagnol-livre-cd-mp3.jpg\" \/><input type=\"hidden\" name=\"estore_product_name\" value=\"Apprendre Espagnol. Pack USB : Livre + 1 cl\u00e9 USB (1999 fichiers)\" \/><input type=\"hidden\" name=\"price\" value=\"69.90\" \/><input type=\"hidden\" name=\"product_name_tmp1\" value=\"Apprendre Espagnol. Pack USB : Livre + 1 cl\u00e9 USB (1999 fichiers)\" \/><input type=\"hidden\" name=\"price_tmp1\" value=\"69.90\" \/><input type=\"hidden\" name=\"item_number\" value=\"44\" \/><input type=\"hidden\" name=\"shipping\" value=\"5.90\" \/><input type=\"hidden\" name=\"tax\" value=\"\" \/><input type=\"hidden\" name=\"addcart_eStore\" value=\"1\" \/><input type=\"hidden\" name=\"cartLink\" value=\"https:\/\/www.culturalusa.com\/news\/boutique\/apprendre-les-langues-etrangeres\/apprendre-lespagnol\/\" \/><\/form><div class=\"eStore_item_added_msg eStore_item_added_msg-44\"><\/div><\/div><\/div><div class=\"footer-right\"><span class=\"eStore_fancy2_price\"><span class=\"eStore_price_label\">Prix: <\/span><span class=\"eStore_price_value\">69.90\u20ac<\/span><\/span><\/div><\/div><div class=\"eStore-clear-float\"><\/div>\n<p style=\"text-align: right;\"><img decoding=\"async\" src=\"https:\/\/www.culturalusa.com\/images\/paiement-paypal.jpg\" alt=\"Paiement S\u00e9curis\u00e9 avec Paypal\" \/><\/p>\n<p><a title=\"Apprendre les Langues\" href=\"https:\/\/www.culturalusa.com\/news\/boutique\/apprendre-les-langues-etrangeres\/\"><img decoding=\"async\" class=\"aligncenter size-full wp-image-4667\" src=\"https:\/\/www.culturalusa.com\/news\/wp-content\/uploads\/2019\/02\/languages2.jpg\" alt=\"\" width=\"100%\" srcset=\"https:\/\/www.culturalusa.com\/news\/wp-content\/uploads\/2019\/02\/languages2.jpg 650w, https:\/\/www.culturalusa.com\/news\/wp-content\/uploads\/2019\/02\/languages2-275x118.jpg 275w, https:\/\/www.culturalusa.com\/news\/wp-content\/uploads\/2019\/02\/languages2-480x207.jpg 480w\" sizes=\"(max-width: 650px) 100vw, 650px\" \/><\/a><br \/>\n<strong>Nous estimons, que cette <a href=\"https:\/\/www.culturalusa.com\/news\/boutique\/apprendre-les-langues-etrangeres\/\">m\u00e9thode d\u2019apprentissage des langues<\/a> que nous vous proposons, est une des meilleures au monde, pour ne pas dire la meilleure au monde.<\/strong><\/p>\n<div style=\"color: #222; background-color: #d9f47f; margin-top: 0px; margin-bottom: 25px; padding: 5px; box-shadow: 1px 1px 2px #333333; border-radius: 6px;\"><img decoding=\"async\" style=\"float: left; margin-right: 5px;\" src=\"https:\/\/www.culturalusa.com\/images\/icon-info-32.png\" alt=\"lien\" \/><strong>Apprenez les langues<\/strong>: <a href=\"https:\/\/www.culturalusa.com\/news\/boutique\/apprendre-les-langues-etrangeres\/apprendre-le-portugais\/\"><strong>Portugais<\/strong><\/a> &#8211; <a href=\"https:\/\/www.culturalusa.com\/news\/boutique\/apprendre-les-langues-etrangeres\/apprendre-lespagnol\/\"><strong>Espagnol<\/strong><\/a> &#8211; <a href=\"https:\/\/www.culturalusa.com\/news\/boutique\/apprendre-les-langues-etrangeres\/apprendre-langlais\/\"><strong>Anglais<\/strong><\/a> &#8211; <a href=\"https:\/\/www.culturalusa.com\/news\/boutique\/apprendre-les-langues-etrangeres\/apprendre-litalien\/\"><strong>Italien<\/strong><\/a> &#8211; <a href=\"https:\/\/www.culturalusa.com\/news\/boutique\/apprendre-les-langues-etrangeres\/apprendre-lallemand\/\"><strong>Allemand<\/strong><\/a> &#8211; <a href=\"https:\/\/www.culturalusa.com\/news\/boutique\/apprendre-le-neerlandais\/\"><strong>N\u00e9erlandais<\/strong><\/a> &#8211; <a href=\"https:\/\/www.culturalusa.com\/news\/boutique\/apprendre-le-russe\/\"><strong>Russe<\/strong><\/a> &#8211; <a href=\"https:\/\/www.culturalusa.com\/news\/boutique\/apprendre-le-chinois\/\"><strong>Chinois<\/strong><\/a> &#8211; <a href=\"https:\/\/www.culturalusa.com\/news\/boutique\/apprendre-le-grec\/\"><strong>Grec<\/strong><\/a> &#8211; <a href=\"https:\/\/www.culturalusa.com\/news\/boutique\/apprendre-le-norvegien\/\"><strong>Norv\u00e9gien<\/strong><\/a> &#8211; <a href=\"https:\/\/www.culturalusa.com\/news\/boutique\/apprendre-le-suedois\/\"><strong>Su\u00e9dois<\/strong><\/a> &#8211; <a href=\"https:\/\/www.culturalusa.com\/news\/boutique\/apprendre-le-danois\/\"><strong>Danois<\/strong><\/a><\/div>\n<h4 style=\"text-align: center; background: #cd1713 none repeat scroll 0 0; color: #fff; margin: 25px 5px 10px; padding: 3px 7px;\">Advertisement &#8211; Annonces<\/h4>\n<p style=\"text-align: center;\"><a title=\"Cr\u00e9ation de site internet cl\u00e9s en mains\" href=\"https:\/\/www.web-serveur.eu\/creation-site-web.html\" target=\"_blank\" rel=\"noopener noreferrer\"><img decoding=\"async\" style=\"box-shadow: 1px 1px 4px #222222; border-radius: 5px;\" src=\"https:\/\/www.culturalusa.com\/images\/web-design-470.jpg\" alt=\"webdesign\" width=\"98%\" border=\"0\" \/><\/a><\/p>\n<hr \/>\n<p><a title=\"M\u00e9decins du Monde\" href=\"https:\/\/www.medecinsdumonde.org\/fr\" target=\"_blank\" rel=\"noopener noreferrer\"><img loading=\"lazy\" decoding=\"async\" class=\"alignright size-full wp-image-4510\" src=\"https:\/\/www.culturalusa.com\/news\/wp-content\/uploads\/2019\/02\/medecinsdumonde-1.jpg\" alt=\"\" width=\"160\" height=\"160\" srcset=\"https:\/\/www.culturalusa.com\/news\/wp-content\/uploads\/2019\/02\/medecinsdumonde-1-150x150.jpg 150w, https:\/\/www.culturalusa.com\/news\/wp-content\/uploads\/2019\/02\/medecinsdumonde-1-50x50.jpg 50w, https:\/\/www.culturalusa.com\/news\/wp-content\/uploads\/2019\/02\/medecinsdumonde-1-144x144.jpg 144w\" sizes=\"auto, (max-width: 160px) 100vw, 160px\" \/><\/a><br \/>\n<a href=\"https:\/\/www.medecinsdumonde.org\/fr\" target=\"_blank\" rel=\"noopener noreferrer\">M\u00e9decins du Monde<\/a> est un mouvement international ind\u00e9pendant de militants actifs qui soignent, t\u00e9moignent et accompagnent le changement social.<\/p>\n<p>\u00c0 partir de nos 388 programmes m\u00e9dicaux innovants et d\u2019un plaidoyer bas\u00e9 sur des faits, nous mettons les personnes exclues et leurs communaut\u00e9s en capacit\u00e9 d\u2019acc\u00e9der \u00e0 la sant\u00e9 tout en se battant pour un acc\u00e8s universel aux soins.\u200b<\/p>\n<hr \/>\n<\/div>\n","protected":false},"excerpt":{"rendered":"<p>Pack CD audio : Un livre de 100 le\u00e7ons en 720 pages et 3 CD audio d\u2019une dur\u00e9e de 3 h\u00a0 Niveau Cadre Europ\u00e9en : B2 Langue maternelle: Fran\u00e7ais Langue \u00e9tudi\u00e9e: EspagnolUn livre de 100 le\u00e7ons en 720 pages et 1 CD d&rsquo;une dur\u00e9e de 3hLes dialogues de cette nouvelle m\u00e9thode sont vivants, actuels, riches [&hellip;]<\/p>\n","protected":false},"author":1,"featured_media":0,"parent":565,"menu_order":2,"comment_status":"open","ping_status":"closed","template":"","meta":{"footnotes":""},"class_list":["post-573","page","type-page","status-publish","hentry"],"aioseo_notices":[],"_links":{"self":[{"href":"https:\/\/www.culturalusa.com\/news\/wp-json\/wp\/v2\/pages\/573","targetHints":{"allow":["GET"]}}],"collection":[{"href":"https:\/\/www.culturalusa.com\/news\/wp-json\/wp\/v2\/pages"}],"about":[{"href":"https:\/\/www.culturalusa.com\/news\/wp-json\/wp\/v2\/types\/page"}],"author":[{"embeddable":true,"href":"https:\/\/www.culturalusa.com\/news\/wp-json\/wp\/v2\/users\/1"}],"replies":[{"embeddable":true,"href":"https:\/\/www.culturalusa.com\/news\/wp-json\/wp\/v2\/comments?post=573"}],"version-history":[{"count":4,"href":"https:\/\/www.culturalusa.com\/news\/wp-json\/wp\/v2\/pages\/573\/revisions"}],"predecessor-version":[{"id":12230,"href":"https:\/\/www.culturalusa.com\/news\/wp-json\/wp\/v2\/pages\/573\/revisions\/12230"}],"up":[{"embeddable":true,"href":"https:\/\/www.culturalusa.com\/news\/wp-json\/wp\/v2\/pages\/565"}],"wp:attachment":[{"href":"https:\/\/www.culturalusa.com\/news\/wp-json\/wp\/v2\/media?parent=573"}],"curies":[{"name":"wp","href":"https:\/\/api.w.org\/{rel}","templated":true}]}}