{"id":6325,"date":"2019-12-08T19:24:59","date_gmt":"2019-12-08T18:24:59","guid":{"rendered":"https:\/\/www.culturalusa.com\/news\/?page_id=6325"},"modified":"2023-12-15T14:39:49","modified_gmt":"2023-12-15T13:39:49","slug":"kaspersky-small-office-security","status":"publish","type":"page","link":"https:\/\/www.culturalusa.com\/news\/boutique\/kaspersky-small-office-security\/","title":{"rendered":"Kaspersky Small Office Security"},"content":{"rendered":"<div class=\"box-rev\">\n<p><img decoding=\"async\" class=\"aligncenter size-full wp-image-6239\" src=\"https:\/\/www.culturalusa.com\/news\/wp-content\/uploads\/2019\/12\/online-shop1.jpg\" alt=\"\" width=\"100%\" srcset=\"https:\/\/www.culturalusa.com\/news\/wp-content\/uploads\/2019\/12\/online-shop1.jpg 1100w, https:\/\/www.culturalusa.com\/news\/wp-content\/uploads\/2019\/12\/online-shop1-275x43.jpg 275w, https:\/\/www.culturalusa.com\/news\/wp-content\/uploads\/2019\/12\/online-shop1-480x74.jpg 480w, https:\/\/www.culturalusa.com\/news\/wp-content\/uploads\/2019\/12\/online-shop1-768x119.jpg 768w, https:\/\/www.culturalusa.com\/news\/wp-content\/uploads\/2019\/12\/online-shop1-800x124.jpg 800w\" sizes=\"(max-width: 1100px) 100vw, 1100px\" \/><\/p>\n<h3>Protection pour les TPE<\/h3>\n<p><img loading=\"lazy\" decoding=\"async\" class=\"alignright\" src=\"https:\/\/www.culturalusa.com\/news\/wp-content\/uploads\/2019\/12\/kaspersky-small-office-security.jpg\" alt=\"\" width=\"330\" height=\"400\" \/><br \/>\n<strong>Kaspersky Small Office Security est con\u00e7ue pour les entreprises dot\u00e9es de 5 \u00e0 50 postes<\/strong>, et prot\u00e8ge \u00e9galement serveurs et appareils mobiles.<\/p>\n<p>Pr\u00eate \u00e0 l&#8217;emploi, cette solution est g\u00e9r\u00e9e depuis une console dans le Cloud facile \u00e0 utiliser.<\/p>\n<p><strong>Aucune comp\u00e9tence informatique n&rsquo;est requise<\/strong> pour utiliser nos puissants outils et contr\u00f4ler la s\u00e9curit\u00e9 sur l&rsquo;appareil connect\u00e9 de votre choix.<\/p>\n<p>Nous vous prot\u00e9geons contre les cyberattaques, les ransomwares et les pertes de donn\u00e9es. Vous continuez tranquillement vos activit\u00e9s.<\/p>\n<p><strong>Plates-formes support\u00e9es :<\/strong><br \/>\nOrdinateurs de bureau et ordinateurs portables Windows Ordinateurs de bureau et ordinateurs portables Mac Serveurs de fichiers Windows Smartphones et tablettes Android<\/p>\n<p><strong>Livraison par Email de la licence &amp; lien de t\u00e9l\u00e9chargement<\/strong><\/p>\n<p><strong>LA SOLUTION LA PLUS TEST\u00c9E ET LA PLUS R\u00c9COMPENS\u00c9E<\/strong><br \/>\nAucun autre fournisseur ne rivalise avec les excellents r\u00e9sultats de Kaspersky Lab aux tests ind\u00e9pendants. Nous assurons votre s\u00e9curit\u00e9 pendant que vous menez vos activit\u00e9s.<\/p>\n<p>Associant des technologies dans le Cloud en temps r\u00e9el pour s\u00e9curiser vos appareils mobiles, vos serveurs de fichiers et vos ordinateurs, Kaspersky Small Office Security prot\u00e8ge votre entreprise contre les toutes derni\u00e8res menaces.<\/p>\n<p><strong>\u00c9vitez les PI\u00c8GES DE LA FRAUDE et des ESCROQUERIES EN LIGNE<\/strong><br \/>\nDes niveaux de s\u00e9curit\u00e9 suppl\u00e9mentaires permettent d&#8217;emp\u00eacher les malfaiteurs de voler les fonds de votre entreprise : lorsque vous acc\u00e9dez \u00e0 des sites d&rsquo;achat ou bancaires, notre technologie unique Safe Money v\u00e9rifie que le site Web est s\u00e9curis\u00e9 et s&rsquo;assure que le site est authentique avant de l&rsquo;ouvrir dans un mode sp\u00e9cial et prot\u00e9g\u00e9 (pour PC et Mac seulement).<\/p>\n<p><strong>Configuration SIMPLE ET RAPIDE<\/strong><br \/>\nSimplicit\u00e9 imm\u00e9diate associ\u00e9e \u00e0 une fonctionnalit\u00e9 et un contr\u00f4le plus \u00e9tendus. La console bas\u00e9e dans le Cloud simplifie la gestion et le contr\u00f4le \u00e0 distance. Consultez le statut de s\u00e9curit\u00e9 de l&rsquo;ensemble de vos appareils, activez les fonctions de s\u00e9curit\u00e9 sur l&rsquo;appareil de votre choix et acc\u00e9dez facilement au support technique de Kaspersky Lab depuis une seule et m\u00eame page Web.<br \/>\n<div class=\"eStore-product-fancy2\"><div class=\"eStore-thumbnail\"><a href=\"https:\/\/www.culturalusa.com\/news\/boutique\/kaspersky-small-office-security\/\" title=\"Kaspersky SMALL OFFICE SECURITY\"><img decoding=\"async\" class=\"eStore-product-fancy2-thumb-image\" src=\"https:\/\/www.culturalusa.com\/news\/wp-content\/uploads\/2019\/12\/kaspersky-small-office-security.jpg\" alt=\"Kaspersky SMALL OFFICE SECURITY\" \/><\/a><\/div><div class=\"eStore-product-description\"><div class=\"eStore-fancy2-product-name\"><a href=\"https:\/\/www.culturalusa.com\/news\/boutique\/kaspersky-small-office-security\/\">Kaspersky SMALL OFFICE SECURITY<\/a><\/div>Kaspersky SMALL OFFICE SECURITY<br>\r\nProtection pour les TPE<br>Kaspersky Small Office Security est con\u00e7ue pour les entreprises dot\u00e9es de 5 \u00e0 50 postes, et prot\u00e8ge \u00e9galement serveurs et appareils mobiles. <br>Pr\u00eate \u00e0 l\u2019emploi, cette solution est g\u00e9r\u00e9e depuis une console dans le Cloud facile \u00e0 utiliser. Les licences Kaspersky sont envoy\u00e9es par Email.<\/div><\/div><div class=\"eStore-product-fancy2-footer eStore-fancy-wrapper\"><div class=\"footer-left\"><div class=\"footer-left-content\"><form method=\"post\" action=\"\" class=\"eStore-button-form eStore-button-form-37\" style=\"display:inline\" onsubmit=\"return ReadForm1(this, 1);\"><input type=\"image\" src=\"https:\/\/www.culturalusa.com\/news\/wp-content\/plugins\/wp-cart-for-digital-products\/images\/add-to-cart-golden-with-cart-icon.png\" class=\"eStore_button eStore_add_to_cart_button\" alt=\"Add to Cart\" \/> <input type=\"hidden\" name=\"add_qty\" value=\"1\" \/>  <div class=\"eStore_variation_top\"><\/div><span class=\"eStore_variation_name\">Kaspersky SMALL OFFICE SECURITY : <\/span><select name=\"variation1\" class=\"eStore_variation\" onchange=\"ReadForm1 (this.form, 1);\"><option value=\"5 PC + 5 Mobiles + 1 Serveur\">5 PC + 5 Mobiles + 1 Serveur<\/option><option value=\"10 PC + 10 Mobiles + 1 Serveur [+ 167.00\u20ac]\">10 PC + 10 Mobiles + 1 Serveur [+ 167.00\u20ac]<\/option><\/select> <input type=\"hidden\" name=\"thumbnail_url\" value=\"https:\/\/www.culturalusa.com\/news\/wp-content\/uploads\/2019\/12\/kaspersky-small-office-security.jpg\" \/><input type=\"hidden\" name=\"estore_product_name\" value=\"Kaspersky SMALL OFFICE SECURITY\" \/><input type=\"hidden\" name=\"price\" value=\"200.64\" \/><input type=\"hidden\" name=\"product_name_tmp1\" value=\"Kaspersky SMALL OFFICE SECURITY\" \/><input type=\"hidden\" name=\"price_tmp1\" value=\"200.64\" \/><input type=\"hidden\" name=\"item_number\" value=\"37\" \/><input type=\"hidden\" name=\"shipping\" value=\"\" \/><input type=\"hidden\" name=\"tax\" value=\"\" \/><input type=\"hidden\" name=\"addcart_eStore\" value=\"1\" \/><input type=\"hidden\" name=\"cartLink\" value=\"https:\/\/www.culturalusa.com\/news\/boutique\/kaspersky-small-office-security\/\" \/><input type=\"hidden\" name=\"digital_flag\" value=\"1\" \/><\/form><div class=\"eStore_item_added_msg eStore_item_added_msg-37\"><\/div><\/div><\/div><div class=\"footer-right\"><span class=\"eStore_fancy2_price\"><span class=\"eStore_price_label\">Prix: <\/span><span class=\"eStore_price_value\">200.64\u20ac<\/span><\/span><\/div><\/div><div class=\"eStore-clear-float\"><\/div>\n<h3 style=\"margin-bottom: 6px;\">Configuration Requise :<\/h3>\n<p><strong>Nombre d&rsquo;appareils :<\/strong> 5 Appareils, 10 Appareils, 20 Appareils, 50 Appareils<br \/>\nDur\u00e9e 1 An<\/p>\n<p><strong>Option incluse :<\/strong> Analyse Antivirus , Bouclier Anti-ransomware, Protection des transactions bancaires, Protection Webcam, Pare-feu, Connexion VPN, Analyse Antispyware, Anti-spam, Anti-malware, Analyse des Emails, Anti-hame\u00e7onnage, Anti-adwares, Antivirus, Gestionnaire s\u00e9curis\u00e9 de mots de passe, Protection du r\u00e9seau domestique, Back-up des fichiers, Stockage s\u00e9curis\u00e9 de fichiers<\/p>\n<p>Type de licence : RETAIL<\/p>\n<p>Espace disque dur requis : 1250 Mo d&rsquo;espace disponible sur le disque dur<\/p>\n<p>M\u00e9moire requise : 1 Go (32 bits) ou 2 Go (64 bits)<\/p>\n<p>Package : .NET Framework 4 ou version sup\u00e9rieure<\/p>\n<p>Langue du produit : Allemand, Anglais, Espagnol, Fran\u00e7ais, Italien, N\u00e9erlandais, Polonais, Portugais, Su\u00e9dois<\/p>\n<p>Compatibilit\u00e9 : Windows, Mac, Android, iOS<\/p>\n<p>Syst\u00e8me d&rsquo;exploitation : Windows 11 \/ 10 \/ 8.1\/ 8\/ 7 &#8211; Windows Server<\/p>\n<div style=\"clear: both;\"><\/div>\n<div class=\"wp-block-columns has-2-columns\">\n<div class=\"wp-block-column\">\n<div class=\"wp-block-columns has-2-columns\">\n<div class=\"wp-block-column\">\n<p style=\"text-align: left; margin: 0 0 5px 0;\"><a title=\"Kaspersky Anti-Virus\" href=\"https:\/\/www.culturalusa.com\/news\/boutique\/kaspersky-anti-virus\/\"><img decoding=\"async\" style=\"width: 100%; height: 250px;\" src=\"https:\/\/www.culturalusa.com\/news\/wp-content\/uploads\/2019\/12\/Kaspersky-Anti-Virus.jpg\" alt=\"\" \/><\/a><strong>Kaspersky Anti-Virus<\/strong><br \/>\nProtection de votre PC en temps r\u00e9el contre les virus, les logiciels espions et les programmes malveillants. Ses technologies prim\u00e9es assurent une protection efficace contre les nouvelles menaces sur Internet, sans ralentir votre PC. Les licences Kaspersky sont envoy\u00e9es par Email.<\/p>\n<\/div>\n<div class=\"wp-block-column\">\n<p style=\"text-align: left; margin: 0 0 5px 0;\"><a title=\"Kaspersky Internet Security\" href=\"https:\/\/www.culturalusa.com\/news\/boutique\/kaspersky-internet-security\/\"><img decoding=\"async\" style=\"width: 100%; height: 250px;\" src=\"https:\/\/www.culturalusa.com\/news\/wp-content\/uploads\/2019\/12\/Kaspersky-Internet-Security.jpg\" alt=\"\" \/><\/a><strong>Kaspersky Internet Security<\/strong><br \/>\nProtection optimale pour votre PC, Mac et Android. Kaspersky prot\u00e8ge contre les attaques, ransomware et autres menaces, prot\u00e8ge votre vie priv\u00e9e et vos renseignements personnels, protection de votre argent et les d\u00e9tails de votre compte lors de l\u2019achat et de services bancaires en ligne, etc. Les licences Kaspersky sont envoy\u00e9es par Email.<\/p>\n<\/div>\n<\/div>\n<\/div>\n<div class=\"wp-block-column\">\n<div class=\"wp-block-columns has-2-columns\">\n<div class=\"wp-block-column\">\n<p style=\"text-align: left; margin: 0 0 5px 0;\"><a title=\"Kaspersky Total Security\" href=\"https:\/\/www.culturalusa.com\/news\/boutique\/kaspersky-total-security\/\"><img decoding=\"async\" style=\"width: 100%; height: 250px;\" src=\"https:\/\/www.culturalusa.com\/news\/wp-content\/uploads\/2019\/12\/Kaspersky-Total-Security.jpg\" alt=\"\" \/><\/a><strong>Kaspersky Total Security<\/strong><br \/>\nLa meilleure protection pour les familles &#8211; PC, Mac et appareils mobiles. Protection des membres de votre famille contre les dangers du phishing, le suivi des activit\u00e9s en ligne et l&rsquo;espionnage, en assurant la s\u00e9curit\u00e9 de vos donn\u00e9es personnelles, etc.<br \/>\nLes licences Kaspersky sont envoy\u00e9es par Email.<\/p>\n<\/div>\n<div class=\"wp-block-column\">\n<p style=\"text-align: left; margin: 0 0 5px 0;\"><a title=\"Protection Anti-Virus\" href=\"https:\/\/www.culturalusa.com\/news\/boutique\/kaspersky-small-office-security\/\"><img decoding=\"async\" style=\"width: 100%; height: 250px;\" src=\"https:\/\/www.culturalusa.com\/news\/wp-content\/uploads\/2019\/12\/kaspersky-small-office-security.jpg\" alt=\"\" \/><\/a><strong>Protection pour les TPE<\/strong><br \/>\nKaspersky Small Office Security est con\u00e7ue pour les entreprises dot\u00e9es de 5 \u00e0 50 postes, et prot\u00e8ge \u00e9galement serveurs et appareils mobiles. Pr\u00eate \u00e0 l&#8217;emploi, cette solution est g\u00e9r\u00e9e depuis une console dans le Cloud facile \u00e0 utiliser. Aucune comp\u00e9tence informatique n&rsquo;est requise pour utiliser nos puissants outils et contr\u00f4ler la s\u00e9curit\u00e9 sur l&rsquo;appareil connect\u00e9 de votre choix.<\/p>\n<\/div>\n<\/div>\n<\/div>\n<\/div>\n<\/div>\n<div><\/div>\n","protected":false},"excerpt":{"rendered":"<p>Protection pour les TPE Kaspersky Small Office Security est con\u00e7ue pour les entreprises dot\u00e9es de 5 \u00e0 50 postes, et prot\u00e8ge \u00e9galement serveurs et appareils mobiles. Pr\u00eate \u00e0 l&#8217;emploi, cette solution est g\u00e9r\u00e9e depuis une console dans le Cloud facile \u00e0 utiliser. Aucune comp\u00e9tence informatique n&rsquo;est requise pour utiliser nos puissants outils et contr\u00f4ler la [&hellip;]<\/p>\n","protected":false},"author":1,"featured_media":0,"parent":550,"menu_order":0,"comment_status":"closed","ping_status":"closed","template":"","meta":{"footnotes":""},"class_list":["post-6325","page","type-page","status-publish","hentry"],"aioseo_notices":[],"_links":{"self":[{"href":"https:\/\/www.culturalusa.com\/news\/wp-json\/wp\/v2\/pages\/6325","targetHints":{"allow":["GET"]}}],"collection":[{"href":"https:\/\/www.culturalusa.com\/news\/wp-json\/wp\/v2\/pages"}],"about":[{"href":"https:\/\/www.culturalusa.com\/news\/wp-json\/wp\/v2\/types\/page"}],"author":[{"embeddable":true,"href":"https:\/\/www.culturalusa.com\/news\/wp-json\/wp\/v2\/users\/1"}],"replies":[{"embeddable":true,"href":"https:\/\/www.culturalusa.com\/news\/wp-json\/wp\/v2\/comments?post=6325"}],"version-history":[{"count":2,"href":"https:\/\/www.culturalusa.com\/news\/wp-json\/wp\/v2\/pages\/6325\/revisions"}],"predecessor-version":[{"id":12068,"href":"https:\/\/www.culturalusa.com\/news\/wp-json\/wp\/v2\/pages\/6325\/revisions\/12068"}],"up":[{"embeddable":true,"href":"https:\/\/www.culturalusa.com\/news\/wp-json\/wp\/v2\/pages\/550"}],"wp:attachment":[{"href":"https:\/\/www.culturalusa.com\/news\/wp-json\/wp\/v2\/media?parent=6325"}],"curies":[{"name":"wp","href":"https:\/\/api.w.org\/{rel}","templated":true}]}}